rime factors of 356038703?
356038703
List the prime factors of 707308489.
23, 30752543
What are the prime factors of 653364872?
2, 331, 246739
List the prime factors of 155625439.
155625439
List the prime factors of 10917643.
11, 992513
What are the prime factors of 75505213?
7, 983, 10973
What are the prime factors of 1089564914?
2, 41, 13287377
List the prime factors of 749955421.
4447, 168643
List the prime factors of 47515854.
2, 3, 89, 101, 881
List the prime factors of 2320528507.
11, 1787, 118051
What are the prime factors of 1018957344?
2, 3, 10614139
List the prime factors of 2582435475.
3, 5, 1381, 8311
List the prime factors of 181797003.
3, 983, 20549
List the prime factors of 75889726.
2, 11, 397, 8689
What are the prime factors of 614404507?
14461, 42487
List the prime factors of 18844938.
2, 3, 7, 149563
What are the prime factors of 918898478?
2, 37, 41, 83, 89
What are the prime factors of 300323977?
449, 668873
List the prime factors of 1418691842.
2, 23, 2477, 12451
What are the prime factors of 650104260?
2, 3, 5, 13, 833467
List the prime factors of 76389517.
17, 4493501
What are the prime factors of 45088945?
5, 11, 819799
What are the prime factors of 31081774?
2, 2707, 5741
List the prime factors of 21694832.
2, 569, 2383
What are the prime factors of 2290174837?
23, 4329253
List the prime factors of 88077402.
2, 3, 7, 33287
List the prime factors of 33731178.
2, 3, 13, 43, 89, 113
What are the prime factors of 44748708?
2, 3, 23, 73, 2221
List the prime factors of 3255410948.
2, 813852737
List the prime factors of 76463885.
5, 19, 859, 937
List the prime factors of 67557359.
67557359
List the prime factors of 73144507.
127, 575941
List the prime factors of 113309491.
2087, 54293
List the prime factors of 69920106.
2, 3, 113, 281, 367
List the prime factors of 59614337.
5501, 10837
What are the prime factors of 2662961671?
73, 36478927
What are the prime factors of 2166041982?
2, 3, 13, 31, 895799
List the prime factors of 7474460.
2, 5, 7, 29, 263
What are the prime factors of 54894981?
3, 18298327
What are the prime factors of 109277998?
2, 1277, 42787
What are the prime factors of 5072054105?
5, 1014410821
List the prime factors of 28096767.
3, 17, 41, 1493
List the prime factors of 1980146721.
3, 7, 94292701
List the prime factors of 70169253.
3, 7, 11, 179, 1697
What are the prime factors of 114484326?
2, 3, 11, 1734611
List the prime factors of 29532111.
3, 7, 17, 82723
What are the prime factors of 1190439456?
2, 3, 2551, 4861
What are the prime factors of 3021584358?
2, 3, 13, 67, 578183
What are the prime factors of 5298417498?
2, 3, 11, 1091, 73583
What are the prime factors of 83200341?
3, 7, 547, 7243
List the prime factors of 26836658.
2, 29, 337, 1373
List the prime factors of 263011677.
3, 3803, 23053
List the prime factors of 802928641.
53, 137, 110581
List the prime factors of 19547642.
2, 9773821
List the prime factors of 52660282.
2, 26330141
List the prime factors of 874182818.
2, 19, 97, 237163
What are the prime factors of 1028014812?
2, 3, 11, 41, 63317
What are the prime factors of 475103673?
3, 11, 4799027
What are the prime factors of 1511677420?
2, 5, 11, 6871261
What are the prime factors of 550108901?
550108901
What are the prime factors of 3211234578?
2, 3, 59467307
What are the prime factors of 318049328?
2, 17, 43, 71, 383
What are the prime factors of 3646059146?
2, 8167, 223219
List the prime factors of 91003092.
2, 3, 47, 317, 509
What are the prime factors of 1963181658?
2, 3, 17, 191, 100769
What are the prime factors of 651432883?
651432883
List the prime factors of 1653094711.
1653094711
What are the prime factors of 1906065614?
2, 23, 41436209
What are the prime factors of 2095287855?
3, 5, 139685857
List the prime factors of 135438387.
3, 7, 6449447
List the prime factors of 234328379.
234328379
List the prime factors of 95696144.
2, 137, 149, 293
What are the prime factors of 177804404?
2, 44451101
List the prime factors of 6429336.
2, 3, 79, 3391
What are the prime factors of 1557665997?
3, 37, 347, 1093
List the prime factors of 83268311.
7, 89, 133657
What are the prime factors of 43914275?
5, 223, 7877
List the prime factors of 137382605.
5, 27476521
What are the prime factors of 4715243093?
11, 7877, 54419
What are the prime factors of 183149171?
7933, 23087
List the prime factors of 6566709798.
2, 3, 11, 67, 165001
What are the prime factors of 165350789?
17, 9726517
List the prime factors of 15497358.
2, 3, 191, 13523
List the prime factors of 1491371431.
11, 229, 592049
List the prime factors of 188123.
13, 29, 499
What are the prime factors of 32282594?
2, 31, 43, 12109
List the prime factors of 1868763490.
2, 5, 11, 113, 150343
What are the prime factors of 1386651169?
1386651169
What are the prime factors of 947471330?
2, 5, 13, 2381, 3061
List the prime factors of 442684592.
2, 7, 353, 11197
What are the prime factors of 149197225?
5, 5967889
List the prime factors of 342331447.
342331447
List the prime factors of 275011614.
2, 3, 107, 142789
List the prime factors of 49960760.
2, 5, 1249019
What are the prime factors of 842585901?
3, 280861967
What are the prime factors of 2407295877?
3, 7, 19, 733, 8231
What are the prime factors of 702185780?
2, 5, 1913, 18353
List the prime factors of 456857775.
3, 5, 11, 197, 937
What are the prime factors of 322549378?
2, 23, 41, 171023
What are the prime factors of 1469842801?
7, 6379, 32917
What are the prime factors of 8275311065?
5, 7, 109, 2169151
List the prime factors of 45535448.
2, 7, 813133
What are the prime factors of 1359093255?
3, 5, 13, 1061, 6569
List the prime factors of 7591747422.
2, 3, 7, 180755891
What are the prime factors of 1901139520?
2, 5, 7, 23, 36901
List the prime factors of 1031151514.
2, 211, 823, 2969
What are the prime factors of 1350983363?
1350983363
List the prime factors of 21935930.
2, 5, 79, 27767
List the prime factors of 23617577.
23617577
What are the prime factors of 36405289?
36405289
List the prime factors of 20189884.
2, 11, 13, 47, 751
What are the prime factors of 524314532?
2, 7, 23, 31, 26263
What are the prime factors of 141287817?
3, 11, 4281449
What are the prime factors of 57637523?
7211, 7993
List the prime factors of 1453153488.
2, 3, 41, 738391
What are the prime factors of 63655001?
41, 1552561
List the prime factors of 659108988.
2, 3, 43, 47309
List the prime factors of 195457494.
2, 3, 2753, 11833
List the prime factors of 2806450087.
7, 23, 17431367
List the prime factors of 1371931392.
2, 3, 13, 137413
List the prime factors of 1782575136.
2, 3, 19, 199, 1637
List the prime factors of 334676349.
3, 7, 5312323
What are the prime factors of 9805559?
79, 124121
List the prime factors of 23132153.
11, 811, 2593
List the prime factors of 268792107.
3, 19, 47, 100333
What are the prime factors of 291518090?
2, 5, 29151809
List the prime factors of 8888271505.
5, 97, 18326333
List the prime factors of 2053577655.
3, 5, 23, 1984133
List the prime factors of 424970958.
2, 3, 70828493
List the prime factors of 2492044747.
43, 57954529
List the prime factors of 98759091.
3, 32919697
List the prime factors of 22466577.
3, 7, 457, 2341
What are the prime factors of 83522918?
2, 41761459
List the prime factors of 2023515068.
2, 23, 21994729
What are the prime factors of 390714472?
2, 523, 93383
List the prime factors of 1576586611.
1576586611
What are the prime factors of 1459159445?
5, 23, 12688343
What are the prime factors of 6381292967?
7, 911613281
List the prime factors of 129065352.
2, 3, 13, 499, 829
What are the prime factors of 11845229?
11, 971, 1109
What are the prime factors of 523581109?
29, 18054521
What are the prime factors of 175866056?
2, 41, 107, 5011
List the prime factors of 1240667389.
13, 5569, 17137
What are the prime factors of 54935335?
5, 7, 13, 120737
What are the prime factors of 116962802?
2, 11, 157, 33863
What are the prime factors of 214369439?
17, 2027, 6221
What are the prime factors of 2015698703?
41, 53, 73, 97, 131
What are the prime factors of 1254720534?
2, 3, 4691, 44579
What are the prime factors of 551408892?
2, 3, 409, 112349
List the prime factors of 865847178.
2, 3, 7, 1447, 1583
List the prime factors of 358031344.
2, 11, 20342